ighest common divisor of 41 and x?
41
Let k = 569 + -487. What is the greatest common divisor of 9922 and k?
82
Suppose -18*l = -13*l, 2*c + 2*c = -l + 1064. Calculate the highest common divisor of 36974 and c.
266
Let w be (-1)/3 + (-7216)/(-48). Suppose k + 52 = 4*q - 94, 4*q = 3*k + w. What is the greatest common divisor of 9 and q?
9
Suppose -5*x + 7*x = -5*r + 368, 0 = 3*r + 4*x - 218. Let y = r + -44. Calculate the greatest common divisor of y and 570.
30
Let j(f) = 25*f + 9. Let z be j(7). Suppose -66*a + 25*a = 101*a - 1136. Calculate the highest common factor of a and z.
8
Suppose 3*i + 13870 = 2*k, -5*k + 25136 = 5*i - 9614. Calculate the highest common divisor of k and 124.
124
Suppose 0 = 14*b - 16*b + 40. Let a(x) = 2*x**3 - 9*x**2 - x + 12. Let i be a(7). Calculate the greatest common divisor of i and b.
10
Let z be (1*-1)/(4*(-8)/(-32)). Let w be ((-19)/38)/(((-2)/(-880))/z). What is the highest common divisor of w and 11?
11
Suppose 3*j + 4*s - 16 = 0, -6*s + 8 = -2*j - 4*s. Suppose 3*q - 2*q - 3*i - 65 = 0, j = -i - 5. What is the greatest common divisor of q and 2?
2
Let g = 335 + 249. Calculate the highest common divisor of g and 96.
8
Let l be (-14)/3*24/(-28). Suppose 5*b - l*u = -0*u + 36, -4 = u. Suppose -z - 1 + 17 = 5*w, 5*w - 4 = -b*z. Calculate the greatest common factor of w and 2.
2
Suppose 57 - 9 = 3*r. Let d be (10/(-6) - -3)*-3 + 1. Let v be (115 + -3)/(4 + d). What is the highest common factor of r and v?
16
Let u(z) = -9*z + 72. Let t(q) = 19*q - 144. Let m(f) = 4*t(f) + 9*u(f). Let v be m(0). What is the greatest common divisor of v and 24?
24
Suppose x - 3899 = -4*s, -3*x - 2746 - 2132 = -5*s. Calculate the greatest common divisor of 1560 and s.
195
Suppose -5*h + 4539 = 5*t - 3551, 3*h + 4*t - 4852 = 0. What is the greatest common divisor of h and 60?
60
Let p = -253 - -257. Suppose 4*j - 6*h = -h + 1055, -j - p*h = -248. Calculate the greatest common factor of 65 and j.
65
Let f = 9 + 25. Let d(m) = -m**3 + 13*m**2 + 1. Let a be d(13). Let p be (a - (-14)/3)/((-1)/(-6)). What is the greatest common factor of p and f?
34
Suppose -4*y = -4*l + 136, -5*y + 0 = -5. Suppose l*c = -480 + 34640. What is the greatest common divisor of 61 and c?
61
Let u be (-1 + -1)*4/8. Let j(y) = 6*y. Let t be j(u). Let p be (t - -3)*(0 + (-6)/9). What is the greatest common divisor of 1 and p?
1
Suppose 3*n + 5*j = 71, -n + 70 = 5*j + 43. Let x = 180 + -62. Let i = x + -63. Calculate the highest common divisor of n and i.
11
Let b be ((-6)/39 + (-76)/(-156))*0. Let a be 2 - (-1 + -35 - b). What is the highest common factor of 266 and a?
38
Let h(m) = m**3 - 11*m**2 + 18*m - 15. Let q be h(7). Let d = q - -88. What is the highest common factor of 5 and d?
1
Let m(f) = -13 - 9 + 8 - 12 - 7*f. Let y be m(-5). Suppose y*z - 7*z - 756 = 0. Calculate the highest common divisor of z and 42.
42
Let q(l) = 6*l**2 + 19*l + 132. Let a be q(-8). Calculate the greatest common factor of a and 195.
13
Suppose 0 = v - 3*q - 76, -4*q - 715 = v - 777. What is the highest common divisor of 4350 and v?
10
Let b be (36/(-6))/(-78) - (-19620)/130. What is the highest common divisor of 4379 and b?
151
Suppose 2056728 = 227*a - 91*a. What is the greatest common divisor of 71 and a?
71
Let y be (23726/7)/(16/24) - (-11)/(-77). What is the highest common divisor of 31 and y?
31
Let r be (-3107)/130*-10 + -4 + 1. What is the highest common factor of r and 1062?
118
Let m = -988 - -1280. Calculate the greatest common factor of m and 28.
4
Suppose -4*f = -9 - 19. Let j(m) = -m**3 + 8*m**2 + 12*m - 2. Let r be j(f). Let q = -51 + r. Calculate the greatest common divisor of 10 and q.
10
Suppose -6*w + 64 - 544 = 0. Let m = w + 68. Let b be (4 - m/15)/(2/25). Calculate the highest common factor of b and 90.
30
Suppose 5*f - 8006 = -2*g, -97*g - 2*f - 8020 = -99*g. What is the highest common divisor of 16 and g?
8
Suppose -26*j + 17*j = -5940. Let w = 686 - j. Calculate the greatest common factor of w and 598.
26
Let v(j) = 467*j + 906. Let a be v(12). Calculate the highest common divisor of 210 and a.
210
Let x(b) = 12*b - 165. Let t be x(28). Let c = -22 - -18. Let u be c - (27 + -4)/(-1). Calculate the greatest common factor of u and t.
19
Let g(f) = 3*f**2 + 4*f - 15. Let k be g(10). Suppose -14*s + 19*s = k. Suppose t - 76 = -s. Calculate the highest common divisor of 11 and t.
11
Let m be 1911/(-26)*24/7. Let i = 362 + m. Calculate the greatest common factor of 66 and i.
22
Suppose 5*p - 53713 = -8*u + 12*u, 3*u - 32244 = -3*p. Calculate the highest common divisor of p and 70.
35
Let m = -15634 - -15717. Calculate the greatest common factor of 35524 and m.
83
Let x = -25727 + 25744. Calculate the highest common divisor of 349 and x.
1
Let d = -129 - -117. Let b(n) = -10*n - 64. Let w be b(d). What is the greatest common factor of w and 56?
56
Let c = 349 + -445. Suppose -3*u = 2*u + 520. Let r = c - u. What is the highest common divisor of r and 40?
8
Suppose 75*i - 71*i = -308. Let o = 102 + i. What is the highest common factor of 1 and o?
1
Suppose -23*u + 22*u = -5*p - 49, 3*u + 6*p - 210 = 0. What is the greatest common divisor of u and 184?
8
Let k(r) = -r**3 + 4*r**2 - 24*r + 7. Let q be k(0). Suppose 0 = 2*v + 2*v - 672. Calculate the greatest common factor of v and q.
7
Let o(x) = -23*x - 141. Let f be o(-7). Let s(n) = -n**3 + 20*n**2 + 9. Let d be s(f). Calculate the greatest common divisor of d and 6.
3
Let g(r) = -r**2 + 109*r - 2458. Let j be g(32). Calculate the highest common divisor of j and 400.
2
Let t = -28479 + 28752. Let o be (-275)/(-7) - (-4)/(-14). What is the highest common factor of t and o?
39
Suppose 11*h - 7*h + 12569 = i, 2*i - 5*h - 25114 = 0. Calculate the highest common factor of i and 63.
63
Let n be 6/(-7) + 5966/133. Suppose -40*v = -n*v + 188. What is the greatest common factor of 329 and v?
47
Let j(y) = y**2 - 18*y - 56. Let g(d) = 3*d**2 + 39*d - 19. Let c be g(-14). Let m be j(c). Calculate the highest common divisor of m and 649.
59
Suppose 125*g - 168*g + 18920 = 0. Calculate the greatest common divisor of 385 and g.
55
Suppose -7*s + 5*u + 182 = -3*s, -5*s + 209 = 3*u. Let m be (4 - (9 - 15 - -93))/(0 + -1). Let g = m - s. What is the greatest common divisor of g and 10?
10
Let m be ((-33)/7)/(-1) - (-4)/14. Suppose -3*j - m*j = -1024. Calculate the highest common divisor of j and 16.
16
Let r(w) = 5*w - 112. Let o be r(15). Let c(q) = -9*q - 260. Let z be c(o). What is the highest common divisor of 657 and z?
73
Let w = 4566 + -4191. What is the highest common divisor of w and 1200?
75
Suppose -290 + 750 = 4*n. Let u be 32/1 - (12 + -7). Suppose -33*q = -u*q - 276. What is the highest common divisor of n and q?
23
Let c(f) = 81 + 36 - 889*f - 3 + 888*f. Let j be c(48). What is the greatest common divisor of j and 99?
33
Let p(r) = 1822*r + 4464. Let a be p(-2). What is the highest common divisor of a and 580?
20
Let a(n) = -3*n - 104. Let q be a(-13). Let l = 116 + q. What is the highest common divisor of 306 and l?
51
Suppose 0 = -5*p - 15, -12*g = -8*g - 5*p - 367. What is the highest common factor of g and 836?
44
Let z be 12/(-30) + (-194)/(-40)*4. Suppose h = 2*c - 0*h - 195, 5*h = -25. What is the highest common factor of z and c?
19
Let c = -2538 + 2558. Let f(p) = 28*p**2 - 6*p - 4. Let m be f(4). Calculate the highest common divisor of m and c.
20
Suppose 0 = -35*n + 36*n - 4*r - 1263, n - 1261 = 5*r. What is the highest common divisor of n and 31?
31
Suppose -4*p + x = -9, -15*p - 9 = -20*p - x. Suppose -m = -5*h - 121, -p*m - 12*h + 9*h + 255 = 0. What is the highest common divisor of m and 567?
63
Let i be (-185)/(-10) - (-2 - (-5)/2). Suppose 37*n - 1805 = i*n. Calculate the greatest common factor of 19 and n.
19
Suppose 42*i - 5433 = 8805. Calculate the greatest common divisor of i and 51.
3
Let q(r) = 4*r - 16. Let l be q(4). Suppose 4*m - 3 - 29 = l. Suppose -m*a + 70 = -a. Calculate the highest common factor of 50 and a.
10
Suppose -3*j = 5*q - 3070, 2*q = -0*q + 4. Suppose -7*p + 2*p = -j. Let r = p - 134. What is the highest common divisor of 14 and r?
14
Suppose -223 = 2*d - 231. Let w(c) = c - 4. Let p be w(4). Suppose 148 = d*y + 5*a, -2*a - 176 = -4*y - p*y. Calculate the highest co